{"id":775,"date":"2021-03-24T21:56:17","date_gmt":"2021-03-25T00:56:17","guid":{"rendered":"http:\/\/localhost\/Fenix%20Gruas\/?page_id=775"},"modified":"2021-03-26T22:23:24","modified_gmt":"2021-03-27T01:23:24","slug":"elevador-de-cremalheira","status":"publish","type":"page","link":"https:\/\/fenixgruas.com.br\/index.php\/elevador-de-cremalheira\/","title":{"rendered":"Elevador de cremalheira"},"content":{"rendered":"\n<section class=\"wp-block-uagb-columns uagb-columns__wrap uagb-columns__background-undefined uagb-columns__stack-mobile uagb-columns__valign-undefined uagb-columns__gap-10 alignundefined uagb-block-21012704\"><div class=\"uagb-columns__overlay\"><\/div><div class=\"uagb-columns__inner-wrap uagb-columns__columns-1\">\n<div class=\"wp-block-uagb-column uagb-column__wrap uagb-column__background-undefined uagb-block-5bc5849c\"><div class=\"uagb-column__overlay\"><\/div><div class=\"uagb-column__inner-wrap\">\n<div class=\"wp-block-uagb-info-box uagb-infobox__outer-wrap uagb-block-63672b22\"><div class=\"uagb-infobox__content-wrap uagb-infobox uagb-infobox-has-icon uagb-infobox-icon-above-title uagb-infobox-image-valign-top uagb-infobox-enable-border-radius \"><div class=\"uagb-ifb-left-right-wrap\"><div class=\"uagb-ifb-content\"><div class=\"uagb-ifb-title-wrap\"><h3 class=\"uagb-ifb-title\">O que \u00e9 elevador de cremalheira?<\/h3><\/div><div class=\"uagb-ifb-separator-parent\"><div class=\"uagb-ifb-separator\"><\/div><\/div><div class=\"uagb-ifb-text-wrap\"><p class=\"uagb-ifb-desc\">O elevador de cremalheira \u00e9 destinado ao transporte vertical de pessoas, materiais e equipamentos em obras de constru\u00e7\u00e3o civil; sua cabine se movimenta ao longo de uma torre met\u00e1lica por meio do sistema de pinh\u00e3o e cremalheira, diferentemente do elevador convencional, movido pela a\u00e7\u00e3o de cabos de a\u00e7o. Instalado no inicio da fase de estrutura da obra, logo ap\u00f3s funda\u00e7\u00f5es, o equipamento \u00e9 utilizado at\u00e9 o t\u00e9rmino da constru\u00e7\u00e3o.<\/p><\/div><\/div><\/div><\/div><\/div>\n<\/div><\/div>\n<\/div><\/section>\n\n\n\n<section class=\"wp-block-uagb-columns uagb-columns__wrap uagb-columns__background-undefined uagb-columns__stack-mobile uagb-columns__valign-undefined uagb-columns__gap-10 alignundefined uagb-block-ba42435c\"><div class=\"uagb-columns__overlay\"><\/div><div class=\"uagb-columns__inner-wrap uagb-columns__columns-2\">\n<div class=\"wp-block-uagb-column uagb-column__wrap uagb-column__background-undefined uagb-block-333393da\"><div class=\"uagb-column__overlay\"><\/div><div class=\"uagb-column__inner-wrap\">\n<div class=\"wp-block-uagb-info-box uagb-infobox__outer-wrap uagb-block-b665dc34\"><div class=\"uagb-infobox__content-wrap uagb-infobox uagb-infobox-has-icon uagb-infobox-icon-above-title uagb-infobox-image-valign-top uagb-infobox-enable-border-radius \"><div class=\"uagb-ifb-left-right-wrap\"><div class=\"uagb-ifb-content\"><div class=\"uagb-ifb-title-wrap\"><h3 class=\"uagb-ifb-title\">Vantagens<\/h3><\/div><div class=\"uagb-ifb-separator-parent\"><div class=\"uagb-ifb-separator\"><\/div><\/div><div class=\"uagb-ifb-text-wrap\"><p class=\"uagb-ifb-desc\">\u2022 Cabina totalmente desmont\u00e1vel, o que dispensa o uso de guindastes;<br>\u2022 Manuten\u00e7\u00e3o mais barata e eficiente do mercado;<br>\u2022 Equipamento com maior durabilidade e funcionalidade do mercado;<br>\u2022 Atende as normas nacionais e internacionais de fabrica\u00e7\u00e3o e utiliza\u00e7\u00e3o;<br>\u2022 Baixo risco de acidentes e maior seguran\u00e7a;<br>\u2022 Menor n\u00famero de paradas por quebra;<br>\u2022 Maior capacidade de altura de trabalho;<br>\u2022 N\u00e3o utiliza contra\u2013peso o que possibilita a instala\u00e7\u00e3o da cabina dupla a qualquer momento agilizando o up grade da torre.<\/p><\/div><\/div><\/div><\/div><\/div>\n<\/div><\/div>\n\n\n\n<div class=\"wp-block-uagb-column uagb-column__wrap uagb-column__background-undefined uagb-block-6c911f44\"><div class=\"uagb-column__overlay\"><\/div><div class=\"uagb-column__inner-wrap\">\n<div class=\"wp-block-image\"><figure class=\"aligncenter size-large\"><img loading=\"lazy\" decoding=\"async\" width=\"331\" height=\"352\" src=\"https:\/\/fenixgruas.com.br\/wp-content\/uploads\/2021\/03\/Sem-Titulo-1-2.png\" alt=\"\" class=\"wp-image-819\" srcset=\"https:\/\/fenixgruas.com.br\/wp-content\/uploads\/2021\/03\/Sem-Titulo-1-2.png 331w, https:\/\/fenixgruas.com.br\/wp-content\/uploads\/2021\/03\/Sem-Titulo-1-2-282x300.png 282w\" sizes=\"auto, (max-width: 331px) 100vw, 331px\" \/><\/figure><\/div>\n<\/div><\/div>\n<\/div><\/section>\n","protected":false},"excerpt":{"rendered":"","protected":false},"author":1,"featured_media":0,"parent":0,"menu_order":0,"comment_status":"closed","ping_status":"closed","template":"","meta":{"_uag_custom_page_level_css":"","_joinchat":[],"footnotes":""},"class_list":["post-775","page","type-page","status-publish","hentry"],"uagb_featured_image_src":{"full":false,"thumbnail":false,"medium":false,"medium_large":false,"large":false,"1536x1536":false,"2048x2048":false},"uagb_author_info":{"display_name":"fgwordpress","author_link":"https:\/\/fenixgruas.com.br\/index.php\/author\/fgwordpress\/"},"uagb_comment_info":0,"uagb_excerpt":null,"_links":{"self":[{"href":"https:\/\/fenixgruas.com.br\/index.php\/wp-json\/wp\/v2\/pages\/775","targetHints":{"allow":["GET"]}}],"collection":[{"href":"https:\/\/fenixgruas.com.br\/index.php\/wp-json\/wp\/v2\/pages"}],"about":[{"href":"https:\/\/fenixgruas.com.br\/index.php\/wp-json\/wp\/v2\/types\/page"}],"author":[{"embeddable":true,"href":"https:\/\/fenixgruas.com.br\/index.php\/wp-json\/wp\/v2\/users\/1"}],"replies":[{"embeddable":true,"href":"https:\/\/fenixgruas.com.br\/index.php\/wp-json\/wp\/v2\/comments?post=775"}],"version-history":[{"count":10,"href":"https:\/\/fenixgruas.com.br\/index.php\/wp-json\/wp\/v2\/pages\/775\/revisions"}],"predecessor-version":[{"id":847,"href":"https:\/\/fenixgruas.com.br\/index.php\/wp-json\/wp\/v2\/pages\/775\/revisions\/847"}],"wp:attachment":[{"href":"https:\/\/fenixgruas.com.br\/index.php\/wp-json\/wp\/v2\/media?parent=775"}],"curies":[{"name":"wp","href":"https:\/\/api.w.org\/{rel}","templated":true}]}}