{"id":777,"date":"2021-03-24T21:56:42","date_gmt":"2021-03-25T00:56:42","guid":{"rendered":"http:\/\/localhost\/Fenix%20Gruas\/?page_id=777"},"modified":"2021-03-29T11:19:07","modified_gmt":"2021-03-29T14:19:07","slug":"locacao","status":"publish","type":"page","link":"https:\/\/fenixgruas.com.br\/index.php\/locacao\/","title":{"rendered":"Loca\u00e7\u00e3o"},"content":{"rendered":"\n<section class=\"wp-block-uagb-columns uagb-columns__wrap uagb-columns__background-undefined uagb-columns__stack-mobile uagb-columns__valign-undefined uagb-columns__gap-10 alignundefined uagb-block-52936b33\"><div class=\"uagb-columns__overlay\"><\/div><div class=\"uagb-columns__inner-wrap uagb-columns__columns-1\">\n<div class=\"wp-block-uagb-column uagb-column__wrap uagb-column__background-undefined uagb-block-630d83b1\"><div class=\"uagb-column__overlay\"><\/div><div class=\"uagb-column__inner-wrap\">\n<div class=\"wp-block-uagb-info-box uagb-infobox__outer-wrap uagb-block-57e2f06e\"><div class=\"uagb-infobox__content-wrap uagb-infobox uagb-infobox-has-icon uagb-infobox-icon-above-title uagb-infobox-image-valign-top uagb-infobox-enable-border-radius \"><div class=\"uagb-ifb-left-right-wrap\"><div class=\"uagb-ifb-content\"><div class=\"uagb-ifb-title-wrap\"><h3 class=\"uagb-ifb-title\">Como funciona a loca\u00e7\u00e3o?<\/h3><\/div><div class=\"uagb-ifb-separator-parent\"><div class=\"uagb-ifb-separator\"><\/div><\/div><div class=\"uagb-ifb-text-wrap\"><p class=\"uagb-ifb-desc\">A Fenix Gruas atua principalmente na \u00e1rea da constru\u00e7\u00e3o civil, oferecendo solu\u00e7\u00f5es de qualidade, seguran\u00e7a nos servi\u00e7os , planejamento e log\u00edstica.<\/p><\/div><\/div><\/div><\/div><\/div>\n\n\n\n<section class=\"wp-block-uagb-columns uagb-columns__wrap uagb-columns__background-undefined uagb-columns__stack-mobile uagb-columns__valign-undefined uagb-columns__gap-10 alignundefined uagb-block-ec0d9743\"><div class=\"uagb-columns__overlay\"><\/div><div class=\"uagb-columns__inner-wrap uagb-columns__columns-3\">\n<div class=\"wp-block-uagb-column uagb-column__wrap uagb-column__background-undefined uagb-block-c747df79\"><div class=\"uagb-column__overlay\"><\/div><div class=\"uagb-column__inner-wrap\">\n<div class=\"wp-block-uagb-info-box uagb-infobox__outer-wrap uagb-block-9be8d544\"><div class=\"uagb-infobox__content-wrap uagb-infobox uagb-infobox-has-image uagb-infobox-icon-left-title uagb-infobox-left uagb-infobox-image-valign-middle uagb-infobox-enable-border-radius \"><div class=\"uagb-ifb-left-right-wrap\"><div class=\"uagb-ifb-content\"><div class=\"uagb-ifb-left-title-image\"><div class=\"uagb-ifb-image-icon-content uagb-ifb-imgicon-wrap\"><div class=\"uagb-ifb-image\"><div class=\"uagb-ifb-image-content\"><img decoding=\"async\" class=\"uagb-ifb-img-src\" src=\"https:\/\/fenixgruas.com.br\/wp-content\/uploads\/2021\/03\/Sem-Titulo-1-1.png\" alt=\"\"\/><\/div><\/div><\/div><div class=\"uagb-ifb-title-wrap\"><h3 class=\"uagb-ifb-title\">Planejamento inicial<\/h3><\/div><\/div><div class=\"uagb-ifb-separator-parent\"><div class=\"uagb-ifb-separator\"><\/div><\/div><div class=\"uagb-ifb-text-wrap\"><p class=\"uagb-ifb-desc\">A Fenix Gruas ir\u00e1 analisar junto ao cliente a log\u00edstica da obra na fase de or\u00e7amento para identificar como ser\u00e3o as movimenta\u00e7\u00f5es de cargas e o recebimento de materiais.<\/p><\/div><\/div><\/div><\/div><\/div>\n\n\n\n<div class=\"wp-block-uagb-info-box uagb-infobox__outer-wrap uagb-block-8202736a\"><div class=\"uagb-infobox__content-wrap uagb-infobox uagb-infobox-has-image uagb-infobox-icon-left-title uagb-infobox-left uagb-infobox-image-valign-middle uagb-infobox-enable-border-radius \"><div class=\"uagb-ifb-left-right-wrap\"><div class=\"uagb-ifb-content\"><div class=\"uagb-ifb-left-title-image\"><div class=\"uagb-ifb-image-icon-content uagb-ifb-imgicon-wrap\"><div class=\"uagb-ifb-image\"><div class=\"uagb-ifb-image-content\"><img decoding=\"async\" class=\"uagb-ifb-img-src\" src=\"https:\/\/fenixgruas.com.br\/wp-content\/uploads\/2021\/03\/Sem-Titulo-1-1.png\" alt=\"\"\/><\/div><\/div><\/div><div class=\"uagb-ifb-title-wrap\"><h3 class=\"uagb-ifb-title\">Manuten\u00e7\u00e3o preventiva e corretiva<\/h3><\/div><\/div><div class=\"uagb-ifb-separator-parent\"><div class=\"uagb-ifb-separator\"><\/div><\/div><div class=\"uagb-ifb-text-wrap\"><p class=\"uagb-ifb-desc\">Seguran\u00e7a sempre em primeiro lugar, temos profissionais capacitados para realizar a manuten\u00e7\u00e3o em todos equipamentos alocados na obra.<\/p><\/div><\/div><\/div><\/div><\/div>\n\n\n\n<p><\/p>\n<\/div><\/div>\n\n\n\n<div class=\"wp-block-uagb-column uagb-column__wrap uagb-column__background-undefined uagb-block-120de4ef\"><div class=\"uagb-column__overlay\"><\/div><div class=\"uagb-column__inner-wrap\"><\/div><\/div>\n\n\n\n<div class=\"wp-block-uagb-column uagb-column__wrap uagb-column__background-undefined uagb-block-c4c06e9c\"><div class=\"uagb-column__overlay\"><\/div><div class=\"uagb-column__inner-wrap\">\n<div class=\"wp-block-uagb-info-box uagb-infobox__outer-wrap uagb-block-1fb6e379\"><div class=\"uagb-infobox__content-wrap uagb-infobox uagb-infobox-has-image uagb-infobox-icon-left-title uagb-infobox-left uagb-infobox-image-valign-middle uagb-infobox-enable-border-radius \"><div class=\"uagb-ifb-left-right-wrap\"><div class=\"uagb-ifb-content\"><div class=\"uagb-ifb-left-title-image\"><div class=\"uagb-ifb-image-icon-content uagb-ifb-imgicon-wrap\"><div class=\"uagb-ifb-image\"><div class=\"uagb-ifb-image-content\"><img decoding=\"async\" class=\"uagb-ifb-img-src\" src=\"https:\/\/fenixgruas.com.br\/wp-content\/uploads\/2021\/03\/Sem-Titulo-1-1.png\" alt=\"\"\/><\/div><\/div><\/div><div class=\"uagb-ifb-title-wrap\"><h3 class=\"uagb-ifb-title\">Equipe t\u00e9cnica qualificada para montagem e desmontagem dos equipamentos<\/h3><\/div><\/div><div class=\"uagb-ifb-separator-parent\"><div class=\"uagb-ifb-separator\"><\/div><\/div><div class=\"uagb-ifb-text-wrap\"><p class=\"uagb-ifb-desc\">Realizamos a montagem e desmontagem de todos equipamentos, tendo como objetivo total efici\u00eancia para que tudo ocorra dentro do prazo previsto.<\/p><\/div><\/div><\/div><\/div><\/div>\n\n\n\n<div class=\"wp-block-uagb-info-box uagb-infobox__outer-wrap uagb-block-ff476915\"><div class=\"uagb-infobox__content-wrap uagb-infobox uagb-infobox-has-image uagb-infobox-icon-left-title uagb-infobox-left uagb-infobox-image-valign-middle uagb-infobox-enable-border-radius \"><div class=\"uagb-ifb-left-right-wrap\"><div class=\"uagb-ifb-content\"><div class=\"uagb-ifb-left-title-image\"><div class=\"uagb-ifb-image-icon-content uagb-ifb-imgicon-wrap\"><div class=\"uagb-ifb-image\"><div class=\"uagb-ifb-image-content\"><img decoding=\"async\" class=\"uagb-ifb-img-src\" src=\"https:\/\/fenixgruas.com.br\/wp-content\/uploads\/2021\/03\/Sem-Titulo-1-1.png\" alt=\"\"\/><\/div><\/div><\/div><div class=\"uagb-ifb-title-wrap\"><h3 class=\"uagb-ifb-title\">Loca\u00e7\u00e3o com operador treinado e capacitado<\/h3><\/div><\/div><div class=\"uagb-ifb-separator-parent\"><div class=\"uagb-ifb-separator\"><\/div><\/div><div class=\"uagb-ifb-text-wrap\"><p class=\"uagb-ifb-desc\">Disponibilizamos operadores certificados para que tudo ocorra com m\u00e1xima seguran\u00e7a e agilidade no servi\u00e7o prestado.<\/p><\/div><\/div><\/div><\/div><\/div>\n<\/div><\/div>\n<\/div><\/section>\n<\/div><\/div>\n<\/div><\/section>\n\n\n\n<section class=\"wp-block-uagb-columns uagb-columns__wrap uagb-columns__background-undefined uagb-columns__stack-mobile uagb-columns__valign-undefined uagb-columns__gap-10 alignundefined uagb-block-cf0686a0\"><div class=\"uagb-columns__overlay\"><\/div><div class=\"uagb-columns__inner-wrap uagb-columns__columns-2\">\n<div class=\"wp-block-uagb-column uagb-column__wrap uagb-column__background-undefined uagb-block-ac7c5d85\"><div class=\"uagb-column__overlay\"><\/div><div class=\"uagb-column__inner-wrap\">\n<div class=\"wp-block-uagb-info-box uagb-infobox__outer-wrap uagb-block-eac729c0\"><div class=\"uagb-infobox__content-wrap uagb-infobox uagb-infobox-has-icon uagb-infobox-icon-above-title uagb-infobox-image-valign-top uagb-infobox-enable-border-radius \"><div class=\"uagb-ifb-left-right-wrap\"><div class=\"uagb-ifb-content\"><div class=\"uagb-ifb-title-wrap\"><h3 class=\"uagb-ifb-title\">Planejamento<\/h3><\/div><div class=\"uagb-ifb-separator-parent\"><div class=\"uagb-ifb-separator\"><\/div><\/div><div class=\"uagb-ifb-text-wrap\"><p class=\"uagb-ifb-desc\">A Fenix Gruas ir\u00e1 analisar junto ao cliente a log\u00edstica da obra na fase de or\u00e7amento para identificar como ser\u00e3o as movimenta\u00e7\u00f5es de cargas e o recebimento de materiais.<br><br><strong>As caracter\u00edsticas b\u00e1sicas da grua ser\u00e3o determinadas de acordo com a necessidade de cada projeto:<\/strong><br><br>\u2022 Carga m\u00e1xima na ponta;<br>\u2022 Comprimento da lan\u00e7a;<br>\u2022 Altura e o tipo de grua (torre fixa ou ascensional).<br><br>Planejar com anteced\u00eancia o per\u00edodo de utiliza\u00e7\u00e3o do equipamento \u00e9 essencial para que n\u00e3o ocorram atrasos.<\/p><\/div><\/div><\/div><\/div><\/div>\n<\/div><\/div>\n\n\n\n<div class=\"wp-block-uagb-column uagb-column__wrap uagb-column__background-undefined uagb-block-85b99f9b\"><div class=\"uagb-column__overlay\"><\/div><div class=\"uagb-column__inner-wrap\">\n<div class=\"wp-block-image\"><figure class=\"alignright size-large is-resized\"><img loading=\"lazy\" decoding=\"async\" src=\"https:\/\/fenixgruas.com.br\/wp-content\/uploads\/2021\/03\/Untitled-2-1-1024x639.png\" alt=\"\" class=\"wp-image-934\" width=\"544\" height=\"338\" srcset=\"https:\/\/fenixgruas.com.br\/wp-content\/uploads\/2021\/03\/Untitled-2-1-1024x639.png 1024w, https:\/\/fenixgruas.com.br\/wp-content\/uploads\/2021\/03\/Untitled-2-1-300x187.png 300w, https:\/\/fenixgruas.com.br\/wp-content\/uploads\/2021\/03\/Untitled-2-1-768x479.png 768w, https:\/\/fenixgruas.com.br\/wp-content\/uploads\/2021\/03\/Untitled-2-1-1536x958.png 1536w, https:\/\/fenixgruas.com.br\/wp-content\/uploads\/2021\/03\/Untitled-2-1-2048x1277.png 2048w\" sizes=\"auto, (max-width: 544px) 100vw, 544px\" \/><\/figure><\/div>\n<\/div><\/div>\n<\/div><\/section>\n\n\n\n<section class=\"wp-block-uagb-columns uagb-columns__wrap uagb-columns__background-undefined uagb-columns__stack-mobile uagb-columns__valign-undefined uagb-columns__gap-10 alignundefined uagb-block-8fe50cab\"><div class=\"uagb-columns__overlay\"><\/div><div class=\"uagb-columns__inner-wrap uagb-columns__columns-1\">\n<div class=\"wp-block-uagb-column uagb-column__wrap uagb-column__background-undefined uagb-block-2844d8a8\"><div class=\"uagb-column__overlay\"><\/div><div class=\"uagb-column__inner-wrap\">\n<div class=\"wp-block-uagb-info-box uagb-infobox__outer-wrap uagb-block-b3f8dd88\"><div class=\"uagb-infobox__content-wrap uagb-infobox uagb-infobox-has-icon uagb-infobox-icon-above-title uagb-infobox-image-valign-top uagb-infobox-enable-border-radius \"><div class=\"uagb-ifb-left-right-wrap\"><div class=\"uagb-ifb-content\"><div class=\"uagb-ifb-title-wrap\"><\/div><div class=\"uagb-ifb-separator-parent\"><div class=\"uagb-ifb-separator\"><\/div><\/div><div class=\"uagb-ifb-text-wrap\"><p class=\"uagb-ifb-desc\">No mundo atual as empresas se concentram na sua atividade principal e deixam as outras atividades para os demais agentes econ\u00f4micos terceirizados.<br>No com\u00e9rcio exterior essa tend\u00eancia n\u00e3o \u00e9 diferente. <br><br>As empresas j\u00e1 iniciaram o processo de terceiriza\u00e7\u00e3o de suas opera\u00e7\u00f5es de importa\u00e7\u00e3o de mercadorias, e focaram apenas em vender produtos e atender as necessidades de seus clientes.<br><br>A Fenix Gruas atrav\u00e9s de sua experi\u00eancia e conhecimento na importa\u00e7\u00e3o e log\u00edstica de maquin\u00e1rios oferece solu\u00e7\u00f5es \u00e0s empresas que necessitam de um servi\u00e7o de qualidade e seguran\u00e7a na importa\u00e7\u00e3o de gruas e elevadores atrav\u00e9s da importa\u00e7\u00e3o por conta e ordem.<\/p><\/div><\/div><\/div><\/div><\/div>\n<\/div><\/div>\n<\/div><\/section>\n\n\n\n<section class=\"wp-block-uagb-columns uagb-columns__wrap uagb-columns__background-undefined uagb-columns__stack-mobile uagb-columns__valign-undefined uagb-columns__gap-10 alignundefined uagb-block-af61d174\"><div class=\"uagb-columns__overlay\"><\/div><div class=\"uagb-columns__inner-wrap uagb-columns__columns-2\">\n<div class=\"wp-block-uagb-column uagb-column__wrap uagb-column__background-undefined uagb-block-09aaafe8\"><div class=\"uagb-column__overlay\"><\/div><div class=\"uagb-column__inner-wrap\">\n<div class=\"wp-block-uagb-info-box uagb-infobox__outer-wrap uagb-block-c07a25bf\"><div class=\"uagb-infobox__content-wrap uagb-infobox uagb-infobox-has-icon uagb-infobox-icon-above-title uagb-infobox-image-valign-top uagb-infobox-enable-border-radius \"><div class=\"uagb-ifb-left-right-wrap\"><div class=\"uagb-ifb-content\"><div class=\"uagb-ifb-title-wrap\"><h3 class=\"uagb-ifb-title\">O que \u00e9 importa\u00e7\u00e3o por conta e ordem?<\/h3><\/div><div class=\"uagb-ifb-separator-parent\"><div class=\"uagb-ifb-separator\"><\/div><\/div><div class=\"uagb-ifb-text-wrap\"><p class=\"uagb-ifb-desc\">A Importa\u00e7\u00e3o por Conta e Ordem se caracteriza pela vincula\u00e7\u00e3o das duas empresas envolvidas (importadora e adquirente) para realiza\u00e7\u00e3o de processo de importa\u00e7\u00e3o onde ambas s\u00e3o responsabilizadas pela opera\u00e7\u00e3o atrav\u00e9s do lan\u00e7amento de seus CNPJ\u2019s na emiss\u00e3o de todos os documentos de importa\u00e7\u00e3o, inclusive na DI (Declara\u00e7\u00e3o de Importa\u00e7\u00e3o), registrada no SISCOMEX (Sistema da Receita Federal de formaliza\u00e7\u00e3o de importa\u00e7\u00f5es e exporta\u00e7\u00f5es).<br><br><\/p><\/div><\/div><\/div><\/div><\/div>\n<\/div><\/div>\n\n\n\n<div class=\"wp-block-uagb-column uagb-column__wrap uagb-column__background-undefined uagb-block-032bd7cc\"><div class=\"uagb-column__overlay\"><\/div><div class=\"uagb-column__inner-wrap\">\n<div class=\"wp-block-image\"><figure class=\"aligncenter size-large is-resized\"><img decoding=\"async\" src=\"https:\/\/fenixgruas.com.br\/wp-content\/uploads\/2021\/03\/Untitled-1-1024x956.png\" alt=\"\" class=\"wp-image-906\" width=\"386\" srcset=\"https:\/\/fenixgruas.com.br\/wp-content\/uploads\/2021\/03\/Untitled-1-1024x956.png 1024w, https:\/\/fenixgruas.com.br\/wp-content\/uploads\/2021\/03\/Untitled-1-300x280.png 300w, https:\/\/fenixgruas.com.br\/wp-content\/uploads\/2021\/03\/Untitled-1-768x717.png 768w, https:\/\/fenixgruas.com.br\/wp-content\/uploads\/2021\/03\/Untitled-1-1536x1434.png 1536w, https:\/\/fenixgruas.com.br\/wp-content\/uploads\/2021\/03\/Untitled-1.png 1547w\" sizes=\"(max-width: 1024px) 100vw, 1024px\" \/><\/figure><\/div>\n<\/div><\/div>\n<\/div><\/section>\n","protected":false},"excerpt":{"rendered":"","protected":false},"author":1,"featured_media":0,"parent":0,"menu_order":0,"comment_status":"closed","ping_status":"closed","template":"","meta":{"_uag_custom_page_level_css":"","_joinchat":[],"footnotes":""},"class_list":["post-777","page","type-page","status-publish","hentry"],"uagb_featured_image_src":{"full":false,"thumbnail":false,"medium":false,"medium_large":false,"large":false,"1536x1536":false,"2048x2048":false},"uagb_author_info":{"display_name":"fgwordpress","author_link":"https:\/\/fenixgruas.com.br\/index.php\/author\/fgwordpress\/"},"uagb_comment_info":0,"uagb_excerpt":null,"_links":{"self":[{"href":"https:\/\/fenixgruas.com.br\/index.php\/wp-json\/wp\/v2\/pages\/777","targetHints":{"allow":["GET"]}}],"collection":[{"href":"https:\/\/fenixgruas.com.br\/index.php\/wp-json\/wp\/v2\/pages"}],"about":[{"href":"https:\/\/fenixgruas.com.br\/index.php\/wp-json\/wp\/v2\/types\/page"}],"author":[{"embeddable":true,"href":"https:\/\/fenixgruas.com.br\/index.php\/wp-json\/wp\/v2\/users\/1"}],"replies":[{"embeddable":true,"href":"https:\/\/fenixgruas.com.br\/index.php\/wp-json\/wp\/v2\/comments?post=777"}],"version-history":[{"count":60,"href":"https:\/\/fenixgruas.com.br\/index.php\/wp-json\/wp\/v2\/pages\/777\/revisions"}],"predecessor-version":[{"id":941,"href":"https:\/\/fenixgruas.com.br\/index.php\/wp-json\/wp\/v2\/pages\/777\/revisions\/941"}],"wp:attachment":[{"href":"https:\/\/fenixgruas.com.br\/index.php\/wp-json\/wp\/v2\/media?parent=777"}],"curies":[{"name":"wp","href":"https:\/\/api.w.org\/{rel}","templated":true}]}}